6 = 4*v - 2. Let h be 58/8 + v/4. What are the prime factors of g(h)?
2, 3
Let n(v) = v**3 + 3*v**2 + 2*v + 3. Let f be n(-2). Let w be f*((-10)/(-3) + -2). Suppose -p - 4*z = -w*p + 64, -2*p = -2*z - 46. List the prime factors of p.
2, 7
Let r(s) = 4*s - 4. Let b be r(-1). Let h(y) = y**3 + 9*y**2 - 6*y. What are the prime factors of h(b)?
2, 7
Suppose 5*o - 4*o = 0. Suppose o = -13*f + 3*f + 370. What are the prime factors of f?
37
Suppose 3*v - 5*b + 96 = 0, -3*b - 32 = -2*v + 3*v. Let d = v - -74. What are the prime factors of d?
2, 3, 7
Let q(s) = 4*s**3 + 13*s**2 - 34*s + 63. What are the prime factors of q(8)?
2671
Suppose -6 + 16 = t. Let y be (-98)/(-35) + 2/t. Suppose -48 = -3*z - y*z. List the prime factors of z.
2
Suppose 41*k - 111555 = 35225. What are the prime factors of k?
2, 5, 179
Let j(y) = -2*y**2 - 2*y - 2. Let w be j(-3). Suppose -88 = -10*f + 6*f. Let r = f + w. What are the prime factors of r?
2
Let d be 12*(-5)/((-20)/3). Suppose -4*t = -t - 6. Let b = d + t. What are the prime factors of b?
11
Suppose 5*s - 5*b - 174 = 381, -555 = -5*s - 5*b. What are the prime factors of s?
3, 37
Let k(h) = 4*h**2 + 4*h + 2. Let v(l) = 2*l + 4. Let c be v(-4). What are the prime factors of k(c)?
2, 5
Suppose 38*c + 28 = 42*c. Suppose -c*s + 929 = -513. List the prime factors of s.
2, 103
Let w be 18/3*1 - 3. Let p = w + -32. List the prime factors of -5 + 2 + 1 - p.
3
Let k(t) = -12*t + 49. Suppose -4*i = -14*i - 150. What are the prime factors of k(i)?
229
Let u(a) = 0 - 3 + 3*a - 1. Suppose 5*l + 4*c - 24 = 0, 21 = 4*l + 4*c + c. List the prime factors of u(l).
2
Let w = 249 + 235. What are the prime factors of w?
2, 11
Let m be 2/(-6)*1 - (-76)/12. Suppose 0 = -3*w - m, -4*b + 3*w + w = -460. What are the prime factors of b?
113
Suppose 4*i = -5*p + 16, -2*i - 3*i - 4*p + 11 = 0. Let c(t) = -7*t**3 + t**2 + 3*t + 2. Let z be c(i). Suppose 2*x - z*x = -155. List the prime factors of x.
31
What are the prime factors of 128 + 6/21*(-14)/(-4)?
3, 43
Let w(y) = y**3 + 11*y**2 + 12*y - 2. Let o(t) = t**3 - 12*t**2 + 9*t + 12. Let g be o(11). Let r be w(g). List the prime factors of (-20)/(-3) + r/33.
2, 3
Let r = 6285 + -1374. What are the prime factors of r?
3, 1637
Let p = -19 + 21. What are the prime factors of (1 - p/3)*114?
2, 19
Suppose -2*m - 2*m - 31 = -3*s, m = -4. Suppose i - 76 = -s*o, 3*o = 5*i - 260 - 64. What are the prime factors of i?
2, 3, 11
Suppose -9 = 2*z - 9. Suppose -3*w - 4*c + 194 - 30 = z, -5*w = 4*c - 260. What are the prime factors of w?
2, 3
Suppose -2*j - 2*a + 8 = 0, -j + a + 8 = 4*j. Suppose j*u - 101 = -t + 6*u, u = 2. List the prime factors of t.
109
Suppose -2430 = -5*h + 5*s, -4*s = -2*h + 554 + 416. List the prime factors of h.
487
Let u(d) = -3*d - 17. Let s(o) = -o**2 + 1. Let f(p) = 6*s(p) + u(p). Let j(w) = 5*w**2 + 2*w + 12. Let q(m) = 3*f(m) + 4*j(m). List the prime factors of q(0).
3, 5
Let u be (-12)/48 - 462/8. What are the prime factors of u/4*(-4)/2?
29
Let n be 12 - (0 - (-6 - -3)). Suppose -5*z = -2*m + 6, m + 3*z - n = 4*m. Let o = m + 33. What are the prime factors of o?
2, 13
Suppose 32*j = 33*j + 3, -2*i + 4118 = 2*j. List the prime factors of i.
2, 1031
Let i be -12 + 15 - (0 + 1). Suppose -6 = l + 2*g, -5*l = -i*l - 3*g. Let a(h) = h**3 + 3*h**2 - 3*h - 5. What are the prime factors of a(l)?
5
Let x(c) = 76*c - 45. Let q(z) = -2. Let t(d) = -2*q(d) + x(d). List the prime factors of t(4).
263
Suppose -39*c = -37*c - 8, -5080 = -4*a + 2*c. What are the prime factors of a?
2, 3, 53
Let q = -49 + 54. Suppose -2*u + 6*u - 89 = 5*k, 0 = -q*u + 5*k + 115. What are the prime factors of u?
2, 13
Let p(n) = -n**3 + 11*n**2 - 12*n + 10. Suppose 2*u - 35 = -4*q + 3, u - 27 = -3*q. List the prime factors of p(q).
2, 53
Let t(i) = -i**2 + 14*i - 2. Let q(b) = -b**2 + 13*b - 2. Let x(n) = -4*q(n) + 3*t(n). Let g be x(10). Let y(r) = 12*r - 1. What are the prime factors of y(g)?
23
Let u(p) = 79*p - 185. What are the prime factors of u(7)?
2, 23
Suppose -12 = 4*k, 0*a + 3*a + 5*k + 15 = 0. Suppose a = 2*h - 2*v - 68 - 58, -2*v = 5*h - 294. What are the prime factors of h?
2, 3, 5
Let s = -2276 - -5615. What are the prime factors of s?
3, 7, 53
Let g(q) = -5*q - 40. Let f be g(-13). Suppose -5*y = 5*u - f, -2*y = u - 0*u - 14. List the prime factors of y.
3
Let s = -35 - -18. Let v = s + 27. What are the prime factors of v?
2, 5
Let w(i) be the first derivative of 5*i**2/2 + 6*i - 7. Let a be w(12). Let x = 92 - a. List the prime factors of x.
2, 13
Suppose x + 2*t = 19, t = 3*x + 4 - 82. Let r be ((-470)/x)/(1/(-5)). Let p = r + -61. List the prime factors of p.
3, 11
Suppose g + 0*g = -b - 1, 0 = -4*g - 5*b - 2. Let o be -2 - (7 + -1 + g). Let s = o + 23. List the prime factors of s.
2, 3
Let t = -11 - -16. Suppose -2*z + 135 = -t*n + 3*z, 2*z = 2. Let o = n + 39. What are the prime factors of o?
13
List the prime factors of 1412*(143/26 - 2).
2, 7, 353
Let m(f) = -20*f - 1. Let i be m(1). Let a = i - -14. Let h = a + 16. List the prime factors of h.
3
Let j be 28/6*(-36)/(-21). Suppose 10*a - j*a = 0. Suppose 2*p - 98 = -a*p. List the prime factors of p.
7
Let q = -60 + 53. Let d(m) = -m**3 - 7*m**2 - 7*m - 6. List the prime factors of d(q).
43
Let u(d) = -d - 1. Let q be u(-4). Suppose 4*j - 3*l = 140, 4*l = -q*j + 131 - 1. What are the prime factors of j?
2, 19
Suppose f + t = 2*t + 231, -2*f - 3*t = -462. List the prime factors of f.
3, 7, 11
Suppose 6*w - 8970 = -3186. What are the prime factors of w?
2, 241
Let h(i) = -i**2 - 5*i - 5*i - 2 - 7 - 6. What are the prime factors of h(-6)?
3
Let g = 203 + -75. Suppose -2*z - 3*r + g = r, -4*z = r - 242. What are the prime factors of z?
2, 3, 5
Suppose f - 26 = -y + 3*f, 56 = 3*y + 5*f. Let o(k) = -k + 0*k + y + 3*k - k. What are the prime factors of o(-9)?
13
Suppose 5*j - 238 = -3*c, -3*j + 2*j + 3*c + 44 = 0. Suppose -2*q = -2*z - 3*z + 77, j = 3*z - 2*q. Let l = z - 9. What are the prime factors of l?
2, 3
Let p(y) = -7*y**2 - 9*y + 3. Let d be p(-5). Let t = 316 + d. What are the prime factors of t?
3, 7
What are the prime factors of (1 + 0)*(4 - (-12306)/6)?
3, 5, 137
Suppose 75 = 5*t - 3*z, -t + 3*t - 4*z = 30. List the prime factors of -13 + t - 1*-101.
103
Let l = -27 - -1. Let y = 30 + l. Suppose y*z = 5*z - 39. List the prime factors of z.
3, 13
Let r be ((-1)/(-3))/((-14)/(-504)). Suppose 476 = 19*c - r*c. What are the prime factors of c?
2, 17
Let i(j) = -14 - 4*j + j**3 - 2*j**2 + 14. Let f be i(3). List the prime factors of 3*(-5 - f)*-3.
2, 3
List the prime factors of 2 + 2801 + (-30)/5.
2797
Let i(v) = 326*v - 187. What are the prime factors of i(10)?
7, 439
List the prime factors of 5 + ((-40210)/20)/((-4)/8).
2, 3, 11, 61
Suppose -124*t + 3332 = -120*t. What are the prime factors of t?
7, 17
Suppose 0 = 4*o, 4*o = -25*d + 23*d + 1994. What are the prime factors of d?
997
Suppose i - 4*r - 17 = 0, 3*r + 49 = 4*i + 6*r. Suppose -2*d + i*d - 209 = 0. List the prime factors of d.
19
Let d = 4030 - 1281. What are the prime factors of d?
2749
Suppose 9*r - 336 = r. Suppose 4*u - 14 = -p, 3*p - r = u + u. List the prime factors of p.
2, 7
Let b(q) = -q**3 - 10*q**2 - 6. Let j be b(-10). Let c = 44 - j. List the prime factors of c.
2, 5
Suppose -4*j = -2*u - 2, u + 2*u + 3 = -4*j. List the prime factors of (24 + j)*(-5)/(-3).
2, 5
Let o(m) = 4*m**2 - 4*m - 101. List the prime factors of o(17).
3, 7, 47
Let r(f) = 3*f**2 + 21*f - 152. What are the prime factors of r(-30)?
2, 7, 137
Suppose -49 = -4*a - 29. Suppose -l + 2*l - 2*m = 4, -m = -4*l + 9. Suppose l*f - 121 = a. What are the prime factors of f?
3, 7
Let s = -780 - -1164. What are the prime factors of s?
2, 3
Let b(i) = 20*i**2 - 3*i + 3. Suppose -2*r + 3*c + 6 = r, 2*r = 5*c + 4. List the prime factors of b(r).
7, 11
Let i(v) = 8*v. Let z = 9 + -8. Let s be i(z). Let h = 4 + s. What are the prime factors of h?
2, 3
Suppose -2461 - 7323 = -4*u - 2*p, 0 = -5*u + 4*p + 12243. What are the prime factors of u?
2447
Let d(i) = 6*i**2 - 9*i - 5. What are the prime factors of d(-9)?
2, 281
Let z be (-126)/(-36) - (-6)/(-4). Suppose n + z = 30. List the prime factors of n.
2, 7
Suppose -8 = 2*p - 3*p - 2*t, 2 = p - t. Suppose 3*o = 7*o - p*h - 164, -4 = h. List the prime factors of